72. What is the tens digit of m?
6
Let g(x) = x**3 - 19*x**2 + 40*x - 22. Let v be g(17). Suppose -v*n + 10868 = -58*n. What is the units digit of n?
4
What is the units digit of (0 - -2)*(-67)/670 - (-195691)/5?
8
Let k(h) = 20*h**2 + 40*h - 26. What is the hundreds digit of k(-7)?
6
Suppose 5*d - 17948 = -2*p, 4*d - 2*d = -p + 7179. Suppose -2692 = -18*y + d. What is the tens digit of y?
4
Let h(c) = c**3 + c**2 + 4*c - 5. Let y be h(2). Let m(x) = -x**2 + 16*x - 17. Let n be m(y). What is the tens digit of (24/(-15))/((n/(-105))/(-1))?
8
Let g = -165 + 150. Let i(n) = n**3 + 15*n**2 - 4*n - 28. What is the units digit of i(g)?
2
Let u(x) = -489*x + 542. What is the ten thousands digit of u(-23)?
1
What is the units digit of (13045 + 20/(-4) - -5) + -12?
3
What is the units digit of 1416483/155 + (-56)/35?
7
Let s be (-5943)/21*(-1 + 0). Let v = 212 - 209. Suppose 2*y - s = -v*t, -3*t - 3*y + 322 = 34. What is the tens digit of t?
9
Let g(f) = -2*f**2 + f - 78. Let b(r) = -r**2 - 78. Let c(p) = 3*b(p) - 2*g(p). Let x be c(0). Let j = x - -140. What is the tens digit of j?
6
Let g = 150260 + -98454. What is the hundreds digit of g?
8
Suppose -53 - 37 = -6*j. Suppose j = -f + 5*o, 5*o = 4*f + 3*o - 12. Suppose -24 - 56 = -f*d. What is the units digit of d?
6
Suppose 12*v - 11*v + 3*n = 10822, 54150 = 5*v - 5*n. What is the thousands digit of v?
0
Suppose -3*m + 3*f + 60 = 0, -6 = 4*f + 2. Let c be 224/(-36) - (-4)/m. What is the units digit of 124 - (42/18 + (-4)/c)?
1
Let z(s) = 10*s**3 - 56*s**2 - 4*s - 215. What is the units digit of z(21)?
5
Suppose 22*k - 5*n - 511 = 20*k, -4*k + 986 = 2*n. What is the hundreds digit of k?
2
Let v = 978 - 982. Let z(q) = 9*q + 10 - 6*q**3 + 6 - 3 - 6*q**2 + 0*q. What is the hundreds digit of z(v)?
2
Suppose -4*f + 25*o = 20*o - 5735, -5*f + 7138 = 4*o. Suppose 0 = n - 122 - f. What is the units digit of n?
2
Let h = -36 - -28. Let o = 4 + h. What is the tens digit of 12 + (0 - 8/o*-1)?
1
Suppose l - 33 = -5*o, -5*o + 3*l = l - 39. Suppose -5*g = -2*d - 321, -3*g - 3*d - 261 = -o*g. What is the tens digit of g?
6
Suppose -p + 3*i + 26 = 0, 0 = -6*p + p - 3*i + 76. Suppose -25 = -c - p. Suppose 0 = 2*a - c*a + 234. What is the tens digit of a?
3
Let b(i) = -i**3 - 4*i**2 + 4. Let a be b(-4). Suppose a*v - 31 = 3*u, -u + 5*v - 21 = v. What is the hundreds digit of 5 + (-1 - u - -95)?
1
Suppose 0 = -4*w - 3*x + 97, 0*w + 4*x = 5*w - 129. Suppose 203 = -4*h - 5*f - w, 0 = -2*h - 4*f - 114. Let u = h + 247. What is the tens digit of u?
9
Let k be -4 + 19*(-4 + 5). Suppose 0 = 50*q - k*q - 24255. What is the hundreds digit of q?
6
Suppose -20*z + 190725 = -1755. What is the thousands digit of z?
9
Let t(v) = -v**3 + 3*v**2 + 13*v + 15. Let o be t(6). Let r(p) = -p**3 - 17*p**2 - 53*p - 32. What is the units digit of r(o)?
3
Suppose -2*g = l - 2377, 3*l - 1688 - 5443 = -g. Suppose 0 = -7*u + 5926 - l. What is the units digit of u?
7
Let a(o) = -13473*o + 134. What is the units digit of a(-3)?
3
Let s(b) = b**3 + 25*b**2 - 29*b - 36. Let z be s(-26). Let l(h) = 23*h + 209. What is the hundreds digit of l(z)?
1
Let w be (-1 - 1/(-2))/((-35)/(-280)). Let c be (-3)/15 - (w + (-44)/(-5)). Let m(s) = -20*s + 19. What is the hundreds digit of m(c)?
1
Suppose -18 + 25 = g. Suppose -8 = -h - g. What is the units digit of (-14 - h)*((-10)/3 - 1)?
5
Suppose 0 = -3*q + 5*z + 67348, 3*q - 22451 = 2*q + 2*z. What is the tens digit of q?
4
Let f be (-4)/52 - (-237)/39. Suppose -y + f = -4*q - q, 0 = -2*q + 10. What is the units digit of y?
1
Suppose -3*q + 2*r + 65 = 0, 6*q = 11*q - 4*r - 109. Suppose -q*h + 6890 = -8*h. What is the units digit of h?
0
Let w(c) = 245*c - 1227. What is the thousands digit of w(39)?
8
Let n be ((-2)/(-3))/((-8)/192*-8). Suppose 4*b + 168 = h + 3*b, -n*h = -3*b - 332. What is the units digit of h?
2
What is the thousands digit of 5/(240/489762) + (-5)/((-240)/(-18))?
0
Suppose 2*p = -3*y + 3972, -y = -p + 1216 + 775. Let w = -808 + p. What is the thousands digit of w?
1
Let h(w) = 14*w**2 - 33*w - 3. Let l be h(3). What is the tens digit of (-1)/((-1)/350) + l/(-4)?
4
Suppose -b = -a + 17, 0 = -5*b + b - 2*a - 50. Let s = 20 + b. Suppose -s*d = -270 - 228. What is the tens digit of d?
8
Let r(b) = 18*b**2 + 96*b - 22. What is the units digit of r(-7)?
8
Let q be ((-26976)/30)/(14/(-70)). Suppose 0 = 4*b + n - 5*n - q, -3*b + n = -3374. What is the tens digit of b?
2
Suppose -25 + 10 = 2*o + 3*k, k = 2*o - 5. Suppose -1086 + 9909 = 5*r + 2*d, -3*r - 3*d + 5292 = o. What is the units digit of r?
5
Let m = 472 - 469. Let z(v) = 627*v - 4. What is the tens digit of z(m)?
7
Suppose -39*v = 82*v - 4398834. What is the units digit of v?
4
Let y(v) = v**3 + 21*v**2 + 12*v + 2. Let i be y(-22). Let s = 1421 + i. What is the tens digit of s?
7
What is the hundreds digit of (-1 - -4 - -1) + 384*2?
7
Let j(t) = 7*t**2 + 8*t**3 + 11*t**3 + 12 - 70*t**3 + 14*t**3 + 14*t**3 + 4*t. What is the hundreds digit of j(-3)?
6
Let b(v) = 12511*v - 4629. What is the tens digit of b(6)?
3
Suppose 24*m - 118389 = 18987. What is the hundreds digit of m?
7
Suppose 0 = w - 5*b - 488, 3*w + 948 = 5*w + 4*b. Suppose -39*d + w = -37*d. What is the tens digit of d?
3
Suppose 3*d - 95334 = -127*s + 124*s, 4*d = 5*s + 127031. What is the units digit of d?
9
Let n be (1/1)/(-1) - -15. Let b be 16/40 - 52/15*3. Let c = n - b. What is the tens digit of c?
2
Let i(q) = -q**3 + 46*q**2 + 146*q - 76. What is the hundreds digit of i(47)?
5
Let j = 900 + -467. Suppose -j = -3*n - 4*x + 3*x, n = -x + 141. What is the hundreds digit of n?
1
Let j(q) = -4*q**2 + 8*q - 5. Let s be ((-4)/(-6)*-5)/(16/(-24)). Let h be j(s). Let n = h - -130. What is the tens digit of n?
6
Let u = -10638 - -19282. What is the tens digit of u?
4
Suppose -5*c = -5*z - 175, -c + 184 - 47 = -4*z. Let x(t) = t**2 + 21*t + 1. What is the tens digit of x(z)?
4
Suppose -4*o - 204 = -28 + 144. Suppose 4*c - i + 9 = 0, -4*i - 21 = 2*c + c. Let l = c - o. What is the units digit of l?
7
Let t(c) = 84*c - 88*c + 2*c**2 - 2*c**3 - 5*c**2 - 5. Let z be t(-4). What is the tens digit of 4/14 + 5525/z?
6
Let h be ((-6)/(-18))/(2/612*3). Suppose 2988 = -28*u + h*u. What is the tens digit of u?
9
Let w = 103688 + -45955. What is the hundreds digit of w?
7
Let g(z) be the third derivative of -17/60*z**5 + 0 - 1/2*z**4 + 0*z - 20*z**2 - 1/40*z**6 - 5/6*z**3. What is the hundreds digit of g(-6)?
1
Let n(f) = 2*f**3 - 15*f**2 + 32*f - 434. What is the units digit of n(12)?
6
Let d(x) = 35*x**2 + 2*x + 6. Suppose 0 = 5*j + 4*h + 3, -5*h + 9 = 14*j - 12*j. What is the hundreds digit of d(j)?
3
Suppose 0 = 3*d, 2*v + 3 - 787 = 4*d. Let u = 331 + v. What is the units digit of u?
3
Let r(c) = 45*c**2 + 7. Let p = 45 - 42. Let s be r(p). What is the hundreds digit of s/(-6)*33/(-22)?
1
What is the ten thousands digit of 4605*(84/(-9) + 9)*-16?
2
Suppose 0 = -4*u - 3*z + 19590, -543*u - 9796 = -545*u - 2*z. What is the hundreds digit of u?
8
Suppose -17*g + 93 = r - 13*g, -r = -3*g - 72. Suppose -1 = -n, h - 3*n - n = 31. Let y = r + h. What is the units digit of y?
6
Suppose 5*c + 0 = -5*d - 10, -12 = -2*c + 2*d. Suppose 3*i = -4*p + 6029, 0 = -c*i - 3*p + 2743 + 1276. What is the thousands digit of i?
2
Let i(v) = -73*v - 1094. Let q be i(-15). Let f(t) = 77*t + 4. Let g(y) = -77*y - 3. Let n(z) = -4*f(z) - 5*g(z). What is the units digit of n(q)?
6
Let l = 1282 - -946. Let k = -1343 + l. What is the hundreds digit of k?
8
Let z = 742 - 218. What is the units digit of z?
4
Suppose -40*n - 180*n = 8*n - 2439828. What is the tens digit of n?
0
Let y(d) = -2*d**3 - 5*d**2 + 5*d + 9. Let g be y(-3). Suppose 2*p = -3*j + 891, 365 = -g*j + 2*p + 1268. What is the tens digit of j?
9
Suppose j + 3 = 2*j. Suppose 3*c + w = -3*w + 21, 0 = -w. Suppose 4*n = c*n - 5*z - 220, -3*z = j*n - 228. What is the units digit of n?
5
What is the hundreds digit of ((-10 + -5568)*(3 - (-4 - -8)))/2?
7
Suppose -138*m + 415538 - 52379 = -740289. What is the units digit of m?
6
Let s = 129 - 118. What is the units digit of ((-3454)/s)/(2/(-3))?
1
Suppose 0 = q + m - 3183, 10*q - m = 5*q + 15951. What is the hundreds digit of q?
1
What is the units digit of 2 - (-4*1 + 40/(-50)*26485)?
4
Let d be ((-32)/(-6))/((-